 - z**3 - 14*z**2. Let u(x) be the first derivative of x**2/2 - 2. Let d(s) = q(s) - 6*u(s). Give d(5).
-1
Let v(l) be the first derivative of -20*l**3/3 - l**2 - l - 1. Suppose 3*j + 2 = w, 5*w - 206 = 2*j - 209. What is v(w)?
-19
Let i(x) be the first derivative of -x**2 + x + 3. Let l = -36 + 35. Determine i(l).
3
Let y be (-1 - 2)*46/(-3). Suppose 3*p + y - 130 = -5*d, 15 = 2*d - 5*p. Let l be 37/5 - 6/d. Let f(a) = 2*a - 8. What is f(l)?
6
Suppose -19*p - 3*p - 176 = 0. Let i(d) = -d**3 - 8*d**2 + 2. Calculate i(p).
2
Let c(i) = -63*i**2 - 1 - 4 + 33*i**2 + 11*i + 29*i**2. Determine c(10).
5
Let i be (-4)/(-34) + 1245/255. Let v(h) = h + h**2 + 3*h + 3 - i*h. Give v(4).
15
Let r(i) = -i**2 + 7*i - 4. Suppose 8*c - 1117 = -4285. Let z be (-1)/5 + c/(-55). Calculate r(z).
-4
Let r(p) = -2*p**3 - 22*p**2 - 28*p + 5. Let u(f) = 3*f**3 + 33*f**2 + 42*f - 7. Let k(x) = -7*r(x) - 5*u(x). Give k(-10).
40
Suppose -18 = -8*j - 50. Let t(g) = -3*g - 5. Give t(j).
7
Let z = -5 - -8. Let l be 168/(-112) + (-19)/(-2). Let s = l - z. Let o(x) = x**3 - 4*x**2 - 5*x + 1. Give o(s).
1
Let j = 49 - 46. Let o(f) = f**2 - 8*f + 21. Give o(j).
6
Let v(w) = -2*w**2 - w. Suppose 0 = -a - 1 + 4. Suppose 3*u + a*j + 2*j = 23, -19 = -3*u - 4*j. Calculate v(u).
-3
Suppose 0 = -3*u + 2 + 4. Let o(g) = -3*g + 2*g - 7 + u*g. Determine o(5).
-2
Let u(a) = a - 6. Let d(v) be the third derivative of 0 - 10*v**2 - 1/24*v**4 + 13/6*v**3 + 0*v. Let r be d(13). Calculate u(r).
-6
Let g(t) = -3*t - 1 - t + 4*t**3 + 0*t - t**2 + 3*t. Determine g(2).
25
Suppose -70 = 5*m - 110. Let d(k) = k - 3. What is d(m)?
5
Let g(b) be the first derivative of b**2/2 - 13*b - 198. Calculate g(5).
-8
Let g(p) = -4*p - 40. Let c(b) = b + 16. Let f(n) = 11*c(n) + 4*g(n). What is f(7)?
-19
Let w(o) be the first derivative of o**3/3 + o**2 - 3*o - 285. Determine w(0).
-3
Let o = -2662 + 2668. Let z(a) = 6*a - 20. Give z(o).
16
Let x(m) = 3*m**2 - 15*m + 2. Let j(l) = l**2 - 9*l + 1. Let q(c) = -2*j(c) + x(c). Let k be 1*-5 + -3 + 4. Determine q(k).
4
Let b(r) = -12 + 3*r + 6 - 4. What is b(-5)?
-25
Let h be 24/5 + (-2)/(-10). Suppose h = -2*t + 15. Let o(g) = -g**2 - 4*g + 10. Let q(y) = -5*y**2 - 14*y + 42. Let k(x) = 9*o(x) - 2*q(x). What is k(t)?
-9
Let a(h) = 2*h**2 - 3*h. Suppose -90 = n - 101. Suppose -4*x + 52 = 4*t, 4*t = 5*x + 8*t - 61. Let g = n - x. Calculate a(g).
2
Let l(f) = -f**3 - 5*f**2 - 3*f - 1. Let o(q) = 8*q - 4. Let w be o(-7). Let b = w + 42. Let i = 16 + b. Give l(i).
-7
Suppose 5*r - 4 = o, -2*r + r + 20 = 3*o. Let v(w) = -w + 6. Determine v(o).
0
Let h = 1591 - 1603. Let j(w) = w**3 + 12*w**2 + 2*w + 13. Calculate j(h).
-11
Let w(i) be the first derivative of 1/2*i**2 + 2 + 2*i. Let f = 135 + -132. What is w(f)?
5
Let o(y) = y - 31. Suppose 51 = 7*u + 37. Let j(x) = x - 31. Let t(h) = u*o(h) - 3*j(h). What is t(0)?
31
Suppose 8*i - i = 21. Let w(s) = -3 + 4 - i + s. Give w(-3).
-5
Let c(w) = -w**2 - 3*w + 50. Let n be (-22)/8*(-36)/(-9) + 2. Determine c(n).
-4
Let g(m) = m**3 + 3*m**2 + 2*m - 2. Suppose 2 = -2*p - 0. Let f(c) = -c**2 + 3*c + 3. Let z be f(3). Let v be p/z - 15/9. What is g(v)?
-2
Let k(h) = -h**3 - 11*h**2 - h - 8. Suppose 0 = -6*r - 6. Let g be -9 + r - (2 - 1). Let b be k(g). Let t(z) = -2*z**2 + 3*z + 1. Determine t(b).
-8
Let g(b) = -b**2 - 10*b - 9. Suppose -v + 7 = -4*m - 16, -8 = -v - m. Let t = v + -19. What is g(t)?
7
Let i(p) = p**2 + p. Let u be i(1). Let y be -12*(5/2 - u). Let l(v) = -6*v - 8. Let r(c) = -7*c - 8. Let w(s) = -6*l(s) + 5*r(s). What is w(y)?
2
Let f(l) = 12*l - 20*l + 1 + 35*l. Calculate f(1).
28
Let q(o) = -o**2 - 1. Let j be q(1). Let k(i) = 81*i**2 + 2*i**3 - 26*i**2 - 28*i**2 - 26*i**2 - 2 + 0*i**3 - 3*i. Calculate k(j).
-8
Let c be (0 + 7 - 0)*1. Suppose c + 1 = -2*s. Let q(u) = u**3 + 4*u**2 - 5*u. Determine q(s).
20
Suppose -27*a = -41*a - 56. Let h(k) = -3*k**2 - 2*k + 9. Determine h(a).
-31
Let j = -12 - -22. Suppose -4*t = t - j. Suppose 0 = t*m - 4*c - 14, 2*m + 6 = 3*c + 17. Let d(w) = 11*w**3 - 2*w**2 + w. Calculate d(m).
10
Let u(t) = 9*t**2 - 15*t - 10. Let l(q) = -2*q**2 + 3*q + 1. Let h(z) = -5*l(z) - u(z). Let p(m) = -m**2 - 7*m - 6. Let o be p(-6). Determine h(o).
5
Let k be 10/3 - (-4)/6. Let h(v) = -v + 5 - 4*v - 15 + k*v. What is h(0)?
-10
Suppose 18 = 3*p + 2*p - m, 4*m - 12 = -p. Suppose k = 2*n - 18 + 5, -p*k = 20. Let v(c) = 3 + 1 - 8 - 3*c. What is v(n)?
-16
Let y = -722 - -718. Let o(p) = p**3 + 3*p**2 - 6*p - 5. Determine o(y).
3
Let j(o) = o**3 + 3*o**2 - 3*o - 2. Suppose -32*d = 51 + 45. Give j(d).
7
Let b = -23 - -27. Suppose 0*l = b*l - 8. Let h(i) = 2*i + 3 + i**3 - 4*i**2 - 2 + 0*i**2 + l. Determine h(3).
0
Let v(t) = -t**2 + 1. Let j(s) = 5*s**2 - 10*s + 2. Let a(h) = -j(h) - 3*v(h). What is a(7)?
-33
Let c(n) = 2*n**2 - 3*n. Let t be c(2). Suppose 6 = t*j + j. Let g(u) = 2 - 9*u + 3*u**2 + 2*u + 3*u. Determine g(j).
6
Let l = 8 - 16. Let a(b) = 27*b + 37. Let g(d) = -5*d - 7. Let t(c) = -2*a(c) - 11*g(c). What is t(l)?
-5
Let k be ((-6)/(-2))/((-6)/8). Let o(n) = -3*n - 9. Let b be o(k). Let u(d) = d. Calculate u(b).
3
Let i(w) = 54*w**2 - 6 + 9 - w**3 + w - 51*w**2. What is i(3)?
6
Let b = -1356 + 1348. Let r(p) = -2*p**3 - 16*p**2 + 2*p. Determine r(b).
-16
Let k(i) = i**2 - 5*i + 2. Let b be (-6)/33 - ((-1206)/99 + 6). Give k(b).
8
Suppose -6 = -5*z - 3*x, -x = -4*z - 2*x + 2. Let w = -13 - -19. Let y(a) = w - a + z + 1. Determine y(5).
2
Let f(o) = -o - 1. Let x = 46 - 44. Let p be (12 + -12)/(6/x). Determine f(p).
-1
Let f be (-4)/14 + (-24)/(-84). Suppose f = 2*y - 7 - 1. Suppose 2*o - 18 = 4*j, -y*o + 18 = -4*j + 2*j. Let v(p) = 2*p**2 + 5*p + 2. What is v(j)?
5
Let w(m) = -m**2 + 5*m - 1. Let t(b) = -b**3 - 11*b**2 - 2*b - 15. Let p be t(-11). Suppose -3*l + p*l = 60. Suppose 10*u = l*u - 25. Give w(u).
-1
Let r = -14 - -8. Let s = 2 + r. Let v(i) = -i**3 + 5*i**2 + 4*i - 7. Let a(z) = z**3 - z + 1. Let y(d) = 2*a(d) + v(d). Calculate y(s).
3
Let o(l) = -l. Let n(x) be the second derivative of -x**3/2 - x**2/2 + 13*x. Let r(q) = -n(q) - 6*o(q). Calculate r(-1).
-8
Suppose 8*t - 136 = -72. Let x(b) = -b**3 + 9*b**2 - 7*b - 3. What is x(t)?
5
Let k(g) = 24*g**3 - 4 + g**2 - 39*g**3 + 16*g**3. Determine k(0).
-4
Let i(k) = 3*k**2 - 5*k + 27. Let p(a) = a**2 - a + 8. Let r(v) = -6*i(v) + 17*p(v). Determine r(11).
-4
Let y = 14 - 10. Let k(m) = 9 + 0 + 5*m - y*m. Let h = 473 - 479. Determine k(h).
3
Let m(t) be the first derivative of -3*t**2/2 - 6*t + 8. What is m(5)?
-21
Let f(k) = -k**3 - 4*k**2 - 2*k + 1. Suppose -3*s - 2*s + 10 = 0. Suppose 4*y + 16 = -2*m, 6 + s = -2*m. Determine f(y).
-3
Let f(t) be the third derivative of t**6/120 + t**5/15 - 5*t**4/24 + t**3/2 - 959*t**2. Suppose 0 = a + 5. What is f(a)?
3
Let g = -1107 - -1110. Let b(r) = -5*r + 4. Calculate b(g).
-11
Let g = -20 + 25. Let a(j) = -10*j**3 - 3*j**2 + 3*j + 25. Let b(z) = 7*z**3 + 2*z**2 - 2*z - 17. Let w(q) = g*a(q) + 7*b(q). Give w(0).
6
Let d(h) = h + 14. Suppose 17 = -t - 0*t. Calculate d(t).
-3
Let u(c) = -c + 45. Suppose -5*m = -2*z + 10, 6*m - m + 5*z - 25 = 0. Give u(m).
45
Let l(h) = -h**3 + 6*h**2 - 2*h + 4. Let o(u) = -u**2 - 11*u + 5. Let x be o(-11). Suppose -5 = -5*f - 5*g, -9 = -x*f + g + 8. What is l(f)?
25
Let p(c) = -3*c**2 - 25*c - 1. Let l(s) = -8*s**2 - 72*s - 2. Let d(b) = -6*l(b) + 17*p(b). Calculate d(4).
-25
Suppose 33*t + 10 = 30*t - j, 3*t + 20 = 4*j. Let q(m) be the third derivative of -m**6/120 - m**5/12 - m**4/4 - m**3/2 + m**2. Determine q(t).
5
Let u(k) = -4*k**2 + 1. Let o(s) = 2*s**2 + s - 2. Let b(i) = 2*o(i) + 3*u(i). What is b(1)?
-7
Let z(v) = -v**3 - 2*v**2 + 4*v + 1. Suppose 2*y = u + u - 2, -5*y + 4*u - 7 = 0. Give z(y).
-2
Let b(f) be the first derivative of 3*f**2 - 4*f - 182. What is b(3)?
14
Let t(c) = -c**3 - 3*c**2 + 9*c + 5. Let z be t(-5). Let f(j) = j**3 - 9*j**2 - 9*j - 2. Determine f(z).
8
Let v(b) = 2*b**3 + b**2 - 1. Let y(a) = 2 - 7 + 1 + 10*a - a**2. Let k be y(9). Suppose -2*o = -k*o - 3. Determine v(o).
-2
Let b(s) = 2*s - 2 - s + 5. Suppose 20*f - n + 6 = 19*f, 3*f = -5*n - 34. Give b(f).
-5
Let m(g) be the third derivative of g**4/4 + g**3/3 - 133*g**2. Determine m(3).
20
Let f(m) = m + 1. Suppose 36*y = 20*y - 128. Calculate f(y).
-7
Let p(x) be the